)/d). Let j = h - 18. Calculate the highest common divisor of 36 and j.
12
Let o(b) = 70*b - 670. Let f be o(22). What is the greatest common factor of 30 and f?
30
Let f(j) = j**3 + 5*j**2 - 5*j + 7. Let b be f(-6). Suppose -3066 + 2807 = -37*y. Calculate the greatest common divisor of b and y.
1
Let i be (-449)/(-4) - 1/4. Let n = 18406 - 18392. What is the greatest common factor of n and i?
14
Let m be 2 + 4*4/8. Suppose 0 = -4*r + 16, -m*t = -2*r + r - 80. Let d be (7/t)/(3/54). What is the highest common factor of 6 and d?
6
Suppose -2*l + 40 + 48 = 0. Let o be l + (-3 - (3 + -2)). Calculate the highest common factor of 40 and o.
40
Let n be 118 + -5 + 1 + 6. Suppose -r + n = -5*m, 4*m - 3*m = -2. What is the greatest common factor of 11 and r?
11
Suppose 0 = 6*b - 17 - 37. Suppose 16 + 74 = b*c. What is the highest common factor of c and 80?
10
Let q(t) = 18*t**2 + 49*t. Let l be q(-5). Calculate the greatest common factor of l and 25.
5
Let a(k) = -3*k - 11. Let t be a(-6). Suppose 14 = 4*m + 5*x - 7, 3*m + 4*x - 16 = 0. Suppose -174 - 134 = -m*j. What is the highest common factor of j and t?
7
Suppose 0 = -16*y + 21767 - 1767. Calculate the greatest common factor of 50 and y.
50
Suppose 0 = -4*v - 2 - 2. Let c be ((-12)/8 - v)*-2. Calculate the greatest common divisor of c and 4.
1
Let r be (-412)/8*(-102)/(-9)*-6. What is the highest common factor of 34 and r?
34
Suppose u - 3 - 7 = 0. Suppose -4*b - 3 = 9. Let l be -2 + 14 - (-6)/b. What is the highest common divisor of u and l?
10
Let t(c) = 0 + 2*c + 42*c**2 - 2 - 41*c**2. Let o be t(-5). What is the greatest common factor of o and 104?
13
Let g be (-1299)/(-9) + (-3)/9. Suppose 27*b - 31*b = -64. What is the greatest common divisor of g and b?
16
Let u = 25 + -16. Let z(d) = 6*d - 5 + 7 - 23 - 3*d. Let j be z(u). What is the highest common divisor of j and 66?
6
Let s(p) = p**3 - 3*p**2 + 7*p - 16. Let g be s(3). Suppose 5*z + g = h, -z + 3*z = 4*h - 92. Calculate the highest common divisor of 25 and h.
25
Suppose -3*j + 495 + 915 = 4*i, 0 = 4*i + 12. What is the highest common divisor of j and 6?
6
Suppose -5*j + 101 + 74 = 0. Calculate the highest common factor of 77 and j.
7
Let l = 902 - 699. Calculate the greatest common divisor of 7 and l.
7
Suppose -3*v = -v - c - 4, 0 = 2*v + 5*c - 4. What is the greatest common factor of 13 and v?
1
Let t(w) = -3*w**3 + 2*w**2 - 2. Let o be t(-1). Suppose -2*s + 32 = o*z, z + 16 = -0*s + s. Calculate the greatest common factor of s and 4.
4
Let b be (12545/(-20))/(-13) + (-6)/(-8). Suppose k = -3*k - w + b, -3*w = k - 15. What is the highest common factor of k and 3?
3
Let p(i) = 6*i**3 - 6*i**2 - i**3 - 3*i**3 - 15 - 3*i**3. Let c be p(-7). What is the highest common divisor of 51 and c?
17
Let n(g) = g**3 + 2*g**2 - 2. Let f be n(2). Let j be (42/4)/((-2)/(-4)). Let d = j - f. What is the greatest common factor of d and 35?
7
Suppose 5*n = -4*d - 77, -d + 4*n = 6*n + 20. Let x be ((-400)/d + 2/(-9))*1. What is the greatest common factor of x and 198?
22
Suppose 15 = -2*z - 3*a, 0 = -4*z + 2*a - 19 - 35. Let c = -4 - z. Suppose -66 = -3*l + 102. Calculate the greatest common divisor of l and c.
8
Let r = -20 - -22. Let c be 78 - (-1 + r)*-2. What is the greatest common factor of c and 120?
40
Suppose 2*n = 0, 2*n = 3*o - 0*o - 30. Let x be o/4*4/10. Let i be ((-3)/3)/(x/(-25)). Calculate the greatest common factor of i and 75.
25
Let o(z) = 8*z**2 - 3*z - 7. Let k be o(5). Let b(w) = w + 15. Let c be b(-6). Suppose -c*r + 254 = -k. Calculate the highest common factor of r and 16.
16
Let y(o) = o**2 + 9*o - 43. Let a be y(-13). Suppose -a*m = -7*m - 84. What is the highest common divisor of 126 and m?
42
Let q be 6*(1 - -1) + 0. Let i be ((-138)/4)/((-9)/18). Suppose -3*n + i = -75. What is the highest common factor of n and q?
12
Let h = -966 - -1540. What is the highest common divisor of 28 and h?
14
Suppose 5*q - x + 5 = 0, 6*q = q - 2*x - 5. Let c be (-1 - -1)*q - -84. Let a be (3*3)/((-15)/(-20)). What is the greatest common factor of a and c?
12
Let t = 1604 - 1322. What is the greatest common divisor of 94 and t?
94
Suppose -5*p - 126 = -5*t + 4*t, p - 578 = -5*t. What is the greatest common divisor of 87 and t?
29
Let x(p) = -4*p + 19. Let r be x(-31). What is the highest common factor of 33 and r?
11
Let t(d) = -8*d**3 - d**2. Let a be t(-1). Let i = 117 - 55. Suppose n + x = -2*x + i, -5*x + 129 = 2*n. Calculate the greatest common factor of a and n.
7
Suppose 0*m + 4*l = 2*m - 36, -l = 5. What is the highest common divisor of m and 6?
2
Let q(m) = 2*m + 19. Let r be q(-7). Suppose -2*v - 6 = -r*v. Suppose -2*w = -3*w - 2, 24 = g - 4*w. Calculate the highest common divisor of v and g.
2
Let j(h) = h**3 + 6*h**2 + 2*h - 12. Let a be j(-5). Suppose a*x - 56 = 2*s - s, x + 4*s = 10. Let p = 23 + -11. What is the highest common divisor of p and x?
6
Suppose r - 3 - 3 = 0. Suppose 4*a + 3*l - 24 = 5*l, -12 = -2*a - 4*l. What is the highest common factor of r and a?
6
Let y = -12 + 12. Suppose -18*l + 6*l + 468 = y. What is the highest common factor of l and 39?
39
Suppose 2*c + 3*c + 50 = 0. Let r(p) = -12*p - 8. Let h be r(c). What is the greatest common factor of h and 16?
16
Let n(g) = g**3 + 17*g**2 - 24*g - 34. Let m be n(-18). Calculate the highest common divisor of m and 37.
37
Let s(b) = -b + 49. Let u = -76 + 83. Let p be s(u). What is the highest common factor of 70 and p?
14
Suppose -3*q - 8 = -5*q. Let z be (126/(-56))/(1/(-4)). Suppose z*n - 4*n = 200. Calculate the highest common divisor of n and q.
4
Suppose -1465 = 5*d - 4915. Calculate the highest common divisor of d and 30.
30
Let s = -52 - -57. Let l be (105/6)/(s/80). What is the highest common divisor of l and 35?
35
Let s = -25 + 20. Let j(r) be the second derivative of 2*r**4/3 + 5*r**3/6 - r. Let g be j(s). Calculate the highest common factor of g and 25.
25
Let a(v) = 8*v - 2*v - 7*v - 4 + v**2 + 2. Let l be a(3). Let y be -1*(2 - l)/2. What is the greatest common divisor of y and 7?
1
Suppose -4*d + a - 3 = -8, -3*d - 4*a + 18 = 0. Let y(x) = 55*x - 5. Let n be y(d). What is the highest common factor of 21 and n?
21
Suppose 5*s + 4*m = -m + 20, 3*m = -2*s + 11. Calculate the highest common divisor of 19 and s.
1
Suppose -5*i = -2*i - 75. Suppose 3*g + i = 5*j - g, -g = 5*j. What is the greatest common factor of j and 7?
1
Let a(g) = -g**3 + g**2 + 9. Let r be a(0). Let p(l) = 8*l + 36. Let k be p(0). Suppose -51*c = -45*c - k. What is the highest common factor of c and r?
3
Let l be ((-50)/(-8) + -6)/(1/36). Let n be (132/14)/(l/126). What is the highest common divisor of n and 12?
12
Let i = 179 - 83. Let z(p) be the first derivative of p**4/4 + 2*p**3 + 7*p**2/2 + 8*p + 3. Let a be z(-4). What is the highest common divisor of i and a?
12
Let t(q) = 178*q - 122. Let r be t(5). What is the highest common factor of 12 and r?
12
Let c = -235 + 241. Let w = -13 - -8. Let r be 64/10 - (-2)/w. Calculate the highest common divisor of c and r.
6
Let f be (-9 + 3)*(-38)/(-6). Let q = f + 92. Let i = 602 - 596. What is the greatest common factor of q and i?
6
Suppose 2*w = -3*p + 9, p + 5*w + 22 = -1. Suppose -2*v - 2*j + 12 + 0 = 0, -5*v + 34 = j. What is the highest common factor of v and p?
7
Suppose 3*i + 5 - 95 = 0. Suppose -h + 20 = -8*p + 9*p, 0 = -3*h + 3*p + i. Calculate the greatest common divisor of h and 6.
3
Suppose q + 27*l - 25*l = 0, 4*q = l + 9. What is the greatest common divisor of 7 and q?
1
Suppose 416*a + 324 = 419*a. Calculate the highest common factor of a and 36.
36
Let w be (-216)/(-135) + 5*(-2)/(-25). Let x be (-170)/(-7) + (-2)/7. What is the greatest common divisor of x and w?
2
Let r = -302 + 303. Suppose -4*m - 65 - 55 = 0. Let b be ((2 - m) + -2)/r. Calculate the greatest common factor of 45 and b.
15
Let r be -34 - -53 - 3*-1. Suppose -3*v - 5*w = -351, -v + w = 3*v - 491. Suppose -v = -t + 54. Calculate the greatest common factor of r and t.
22
Let u = -7 + 26. Let c = -4 + 8. Suppose c*z - 4*p - 228 = 0, 0*z - 2*z - 4*p = -114. What is the greatest common factor of z and u?
19
Let u = 483 - 338. What is the highest common factor of 5 and u?
5
Let j(s) be the second derivative of -s**5/20 - 2*s**4/3 + 11*s**3/6 - 13*s**2/2 + 2*